 are the prime factors of -12 - (12 + -14 + -8540)?
2, 5, 853
Suppose -29631 = 473*q - 474*q - 4*m, -6 = 3*m. List the prime factors of q.
107, 277
Let v(o) = 11*o**3 - 1. Let a be 4/(-6) + ((-20)/(-3))/4. Let p be v(a). Suppose 4*f + 1158 = p*f. What are the prime factors of f?
193
Let b(p) = -16*p + 254. Suppose u = 6*u + 2*t - 43, -u - 2*t = -7. List the prime factors of b(u).
2, 5, 11
Let p(d) = 137*d + 2586. List the prime factors of p(13).
11, 397
Let a(s) = -s**3 - s**2 - 8*s - 12. Suppose 5*u + 7 = -2*b, 0 = -2*u + 6*u - 4. What are the prime factors of a(b)?
2, 3
Let s(r) = 178*r + 32. Let a(c) = 178*c + 29. Let o(k) = 3*a(k) - 4*s(k). List the prime factors of o(-4).
11, 61
Suppose -83142 = -3*l - 17*z + 13*z, 3*l = 2*z + 83196. List the prime factors of l.
2, 3, 4621
Let y = 2825 + -308. Suppose -y - 651 = -12*p. What are the prime factors of p?
2, 3, 11
Suppose 2*z - 4*w + 2*w = 13704, -5*w + 13718 = 2*z. List the prime factors of z.
2, 23, 149
Let n(g) = 6*g**2 + 26*g - 19. Let l be n(-10). Suppose 3*c = 2*v - l, -4*v + 5*c = -242 - 405. What are the prime factors of v?
2, 3, 7
Let a(p) = 4*p**2 + 25*p + 7. Let v be a(-6). What are the prime factors of (24678/(-108))/(v*(-2)/4)?
457
Let j(a) = 817*a**2 - a - 1. Let k be j(-1). Let g be (-4)/(-4)*(-1166)/(-2). Let f = k - g. What are the prime factors of f?
2, 3, 13
Suppose -248*z + 183885 = -207*z. What are the prime factors of z?
3, 5, 13, 23
Let n(w) = 3*w + 14. Let p be n(16). Let a = 85 - p. Suppose -24*s + 32 = -a*s. What are the prime factors of s?
2
What are the prime factors of (-7)/(308/484) - (0 - 70930)?
70919
Suppose 0 = -3*y + l + 29527, -47*y + 42*y + 49240 = 4*l. List the prime factors of y.
2, 23, 107
Let k(t) = 3626*t - 79. List the prime factors of k(1).
3547
Let x(f) = -15*f**2 + 17*f - 45. Let h(j) = 14*j**2 - 16*j + 45. Let s(t) = -6*h(t) - 7*x(t). What are the prime factors of s(8)?
5, 241
Let m(z) = 96*z + 48 - 11 - 4 - 5 + 43. What are the prime factors of m(4)?
5, 7, 13
Suppose -11*h - 15 = -8*h. Let y be (-4 - h)/((-2)/6056). List the prime factors of 6/9 - y/12.
11, 23
Suppose 0 = w + 7643 - 29891. List the prime factors of w.
2, 3, 103
Let k be 39 - 144 - (-1 - 6). List the prime factors of (-1110)/(-14) + 28/k.
79
What are the prime factors of 82524/12*(-3 + -3)/(-6)?
13, 23
Let t(d) = 0*d**2 + 4*d**2 + 21*d - 9*d. Let h be 3/9*15*(-3)/3. What are the prime factors of t(h)?
2, 5
Let i(o) = 5*o**2 - 118*o - 129. List the prime factors of i(46).
5023
List the prime factors of 2*3*(-201297)/(-153)*(-1)/(-2).
3947
Let p(o) = -o**2 - 8*o - 1. Let g be p(-7). Let i be ((-2)/g)/(((-6)/(-1665))/(-2)). Let j = i + -102. List the prime factors of j.
83
Let p(v) = -2*v**3 - 9*v**2 + 9*v + 21. Let r be p(-5). What are the prime factors of (r*-3)/(45/(-6540))?
2, 109
What are the prime factors of ((-1692)/(-14))/((-393)/(-55937))?
2, 3, 47, 61
Suppose -3*a = 3*b - 46 - 32, 2*a - 29 = -b. Suppose -7*u - b = -702. Suppose -v + j + 8 = -79, -u = -v - j. List the prime factors of v.
2, 23
Suppose 4*z + 1 = 9. Suppose -z*t + 7 = -25. List the prime factors of (0 + 15 + -3)*t/2.
2, 3
Let o(m) = 2301*m - 3496. What are the prime factors of o(7)?
12611
Let g(t) = 694*t + 10099. What are the prime factors of g(68)?
3, 13, 113
Suppose 19*f - 17*f = 66. Let a(n) = 7*n - 17. What are the prime factors of a(f)?
2, 107
Suppose -81*d + 85*d + 80 = 0. What are the prime factors of 188 + -4 + 3 + d/(-5)?
191
Suppose -5*t + 137 = 4*a, 0*a - t - 23 = -a. Suppose -23*m = -a*m + 35. Let u(g) = g**3 - 2*g**2 - 12*g + 12. List the prime factors of u(m).
173
Let o(j) = -208*j - 990. What are the prime factors of o(-15)?
2, 3, 5, 71
Suppose -1115 = 5*g - 8085. List the prime factors of g.
2, 17, 41
Suppose 0 = 9*n - 2693 + 812. Let v = -127 + n. List the prime factors of v.
2, 41
Let r = 208 + -216. Let s(c) = -18*c - 32. What are the prime factors of s(r)?
2, 7
Let h(g) = 27*g**2 - 13*g - 19. Let b be (-1)/((-9)/42*8/(-12)). List the prime factors of h(b).
3, 5, 31
Suppose -z - 8*m + 109 = -9*m, 0 = 5*z - 3*m - 541. Suppose -39*r + 40*r = z. What are the prime factors of r?
107
Suppose -5*z - 7*z + 456 = 0. Let f be (z/4)/(-4 - (-18)/4). Suppose -2*j + f = -97. List the prime factors of j.
2, 29
Let l(g) be the first derivative of 340*g + 28 + 3*g**2 - 4*g**2 - 329*g. List the prime factors of l(-11).
3, 11
Suppose 3*n - 2610 = 12*n. Let h = n + 900. What are the prime factors of h?
2, 5, 61
Suppose 2*q + 5*f = 4*q - 160, -2*q + 4*f = -160. Let z be (1*4)/((q/(-24))/(-5)). Let v(l) = -l**2 + 9*l - 11. What are the prime factors of v(z)?
7
Suppose 2*u = 4*k + 4350 + 17394, -3*u + k + 32636 = 0. What are the prime factors of u?
2, 5, 17
Let r(z) = 501*z - 113. Let d be r(9). Suppose -14*i = -d + 1064. List the prime factors of i.
2, 7, 17
Let d be -2*1 - (58/2 + -4). Let w be 15/(-9) + 1 + (-126)/d. Suppose -129 = -w*j + 551. What are the prime factors of j?
2, 5, 17
Let m = 32976 + -19495. List the prime factors of m.
13, 17, 61
Let g(r) = 2*r + 101. Let q be g(20). Suppose -d + 93 = -u - q, -3*d - 5*u = -686. What are the prime factors of d?
2, 29
Suppose -2212*w + 2223*w - 214170 = 0. List the prime factors of w.
2, 3, 5, 11, 59
What are the prime factors of (173222/42*-6)/(-2)?
12373
Suppose -4*p = v - 4, -2*p = v + p - 3. Suppose v = -3*g + 5*t + 415, 51*t = -5*g + 46*t + 745. What are the prime factors of g?
5, 29
Let j = 3903 + -2543. Let m = j - 359. List the prime factors of m.
7, 11, 13
Let q = 11681 + -6819. List the prime factors of q.
2, 11, 13, 17
Let m = 36 + -34. Suppose 2*z = -m*k + 18, 5*z + k - 3*k = 59. List the prime factors of (-2)/11 + 508/z.
2, 23
Let u = 5476 - 3421. What are the prime factors of u?
3, 5, 137
Let m(h) = 54 - 25 - 18 - 30 - 29*h. List the prime factors of m(-5).
2, 3, 7
Let s(n) = -16*n - 37. Let f(p) = 1. Let v(k) = 6*f(k) + s(k). Let b(z) = -z**2 + 24*z - 126. Let i be b(17). List the prime factors of v(i).
3
Let u be -1 - (-5)/(10/(-24)). Suppose -5*w + 12 = -83. Let g = u + w. What are the prime factors of g?
2, 3
Suppose 10*u = 357 + 263. Let o(k) = 5 - u - 57*k + 90*k - 64*k. What are the prime factors of o(-8)?
191
List the prime factors of (83/(-166))/(2/16608*-1).
2, 3, 173
Let k(a) = 26*a - 1. Let c be k(1). Suppose -231 - c = -8*r. Let z = r - -39. List the prime factors of z.
71
What are the prime factors of -4 + -7 - -1*(2 + 6183)?
2, 3, 7
Suppose 954583 = -68*k - 40*k + 2690035. What are the prime factors of k?
16069
Let f(k) = k**3 - 6*k**2 + 7*k - 14. Let y = 87 + -80. Let l be f(y). Suppose -l = -10*v + 136. What are the prime factors of v?
2, 11
Let k(x) = 36*x**2 - 90*x - 47. Let q be k(-21). Suppose -11*y + q = 18*y. What are the prime factors of y?
13, 47
Suppose 0 = 3*q, 5*k - 7995 - 11120 = -3*q. What are the prime factors of k?
3823
Let a = 31227 - 20691. List the prime factors of a.
2, 3, 439
Suppose 2949 + 8587 = 4*s. What are the prime factors of s?
2, 7, 103
Let o(s) = -s**3 - 26*s**2 - 25*s. Let l be o(-25). Suppose -5*k + 1263 + 507 = l. What are the prime factors of k?
2, 3, 59
Suppose -7432 = -o + 4*c, -48*c - 7416 = -o - 52*c. What are the prime factors of o?
2, 29
Let f = -621 - -234. Let c = 691 + f. List the prime factors of c.
2, 19
Let q be 1/(-2)*(1 - (-4 + 5)). Suppose i + 7 - 158 = q. Suppose 149 = 6*v - i. What are the prime factors of v?
2, 5
Let d = 21461 - 953. List the prime factors of d.
2, 3, 1709
Suppose -f = -4*u + 245, 2*u + 2*f - 242 = -2*u. Suppose 217 = -20*p + 27*p. Let w = u + p. What are the prime factors of w?
2, 23
Let r = -394 + 399. Suppose -4*p + 3*f + 912 = r*f, -4*p + 916 = 3*f. List the prime factors of p.
2, 113
What are the prime factors of (4/14 - (-10575324)/1064)/(2/12)?
3, 103, 193
Let b be ((-2)/8)/(9/(-1548)). Let d = b + -46. What are the prime factors of (22/d)/((-4)/18)?
3, 11
Let k be (-6)/10 + 2013/5. Let q be (k/4)/((-3)/(-4)). Suppose -2*o - o = 4*v - q, 2*o = -2*v + 86. List the prime factors of o.
2, 19
Let n(y) be the second derivative of y**4/12 - y**3 + 9*y**2/2 - 6*y. Let c be n(5). Suppose 3*u + 397 = 5*g, c*u = -g - u + 85. List the prime factors of g.
2, 5
Let n = 66 + -34. Let j(x) = -9*x + 46. Let r be j(16). List the prime factors of (n/56)/((-4)/r).
2, 7